 a(6). What are the prime factors of n(z)?
11
Let y(z) = z**3 - z**2 + z + 2. Suppose -12 + 4 = -4*w. List the prime factors of y(w).
2
Let q be 114/12 + 1/(-2). Suppose q = -z - 2*a, 3*z = z + 2*a + 6. Let w = z - -7. What are the prime factors of w?
2, 3
Let x(l) = l**3 + 7*l**2 + 6*l + 2. Let s be x(-6). Let u = -4 + 4. Suppose 4*a = -3*w + 41, a - 3*w + w - s = u. What are the prime factors of a?
2
Suppose -4*b = 3*u - 20, 9 = 2*u + 1. Let p = b - 4. List the prime factors of 14 - (-1 + p/2).
2
Suppose 0 = 2*p - 275 + 33. List the prime factors of p.
11
Let l = -3 - -26. Let f = -12 + l. List the prime factors of f.
11
Suppose 4*t - 11 = -2*f + 3, 0 = 3*f + 3. Suppose t*v = -0*v + 120. List the prime factors of v.
2, 3, 5
Suppose -f + 3*f - m = 2, 2*f + 5*m - 14 = 0. List the prime factors of (-8)/(f + -6) - -19.
3, 7
Let h(g) = g**2 - 4*g + 4. Let m be h(5). Suppose -8*n - 35 = -m*n. What are the prime factors of n?
5, 7
Suppose -4*d + 10 = -w + 4*w, 3*w - 5*d - 1 = 0. Let a = w - 1. Suppose -k + 3 = a. List the prime factors of k.
2
Let w(u) = -u**3 + 7*u**2 + 2. Let k be w(7). Let p(s) = 5*s**3 - s**2 - 2. What are the prime factors of p(k)?
2, 17
Let s(b) = -b**3 + 8*b**2 + 3*b + 17. What are the prime factors of s(6)?
107
Suppose 0 = 2*f - 0 - 2. What are the prime factors of 2 + (-2 + 13)*f?
13
Let v(k) = k**3 - 7*k**2 + 3*k + 2. Let g be v(6). Let f = 29 + g. What are the prime factors of f?
13
Suppose 5*x = -253 - 507. List the prime factors of (2/(-2))/(4/x).
2, 19
Let t(d) = -d**2 + 7*d - 6. Let q be t(4). Suppose -w = 2*y - q*w - 7, 0 = -4*y - 4*w + 28. What are the prime factors of y?
2, 3
Let z(x) = -x**2 - 10*x + 2. Let l be z(-9). Let q = l - 6. List the prime factors of q.
5
Let y = 3 + -1. Suppose -4*g + y*g - 4 = 0. What are the prime factors of 11 + g + -1 + 0?
2
Suppose -1902 = -7*g - 215. What are the prime factors of g?
241
Let s = 444 + -300. What are the prime factors of s?
2, 3
Suppose 3*o - 2*l + 5 = 12, -5*o = -4*l - 9. Suppose -h + 6 + o = 0. List the prime factors of h.
11
Let m be 2/7 + (-214)/14. Suppose 3*c - 26 = -2*t - 2*c, 22 = 2*t + 4*c. List the prime factors of t/((-18)/m)*4.
2, 5
Let x be 2/(18/(-3))*6. List the prime factors of (-1)/((-2)/(-72)*x).
2, 3
Let g = -9 + 31. What are the prime factors of g?
2, 11
Let o = -87 + 45. Let k = o + 69. What are the prime factors of k?
3
Let w(l) = l**3 - 7*l**2 + 5*l + 8. Let d be w(6). Suppose n = -d*n + 30. Let y = 16 - n. What are the prime factors of y?
2, 3
Suppose 8 = 5*w - y, -3*y = 2*y + 15. Suppose w - 3 = -2*u. Suppose 43 = 4*k - 3*l, u = -k - 3*l - 7. List the prime factors of k.
7
Suppose -4*i + 28 + 80 = 0. What are the prime factors of i?
3
Let d(l) = -l**2 - 4*l + 6. Let c be d(-5). What are the prime factors of (0 - c)/(3/(-63))?
3, 7
Suppose v = -43 + 15. Let y = v + 53. What are the prime factors of y?
5
Let s(n) = n**2 - 2*n + 1. Let i be -1*(-5 + (-2 - -4)). Let q be s(i). Suppose -64 = -5*k - 2*g, 7*k = q*k + 2*g + 32. List the prime factors of k.
2, 3
Let u(d) = d**2 + 8*d - 1. Let q = 14 + -23. What are the prime factors of u(q)?
2
Suppose 283 = 3*h - 32. List the prime factors of h.
3, 5, 7
Suppose 5*g - 17 = -q, 0 = -3*q + 5*g - 14 + 5. Suppose b - q = 6. Suppose -w + b = 3*w. List the prime factors of w.
2
Suppose 0*w - w - 1 = 0. Let b = w + -4. List the prime factors of (-9)/(-5) - 1/b.
2
Let h(a) = 16*a - 76. What are the prime factors of h(17)?
2, 7
Suppose 6*n = 3*n + 447. What are the prime factors of n?
149
Let o = 6 + -16. What are the prime factors of 10*(-3 + (-34)/o)?
2
Suppose 2*c = 8, 5*n = 3*c - 1 - 1. Let t = 2 + n. What are the prime factors of t?
2
Let g be 4/18 + (-966)/(-27). Suppose 4*n - 41 = -x + g, -2*x - 93 = -5*n. What are the prime factors of n?
19
Suppose -k - 4*k - l - 2 = 0, -5*k + 3*l = -6. Suppose 3*s - 13 - 14 = k. Let o = s - -2. List the prime factors of o.
11
Suppose -2*f = -0*f + 5*c - 453, -5*c - 249 = -f. List the prime factors of f.
2, 3, 13
Suppose 4 = -2*r, r + 10 = 3*s - r. Suppose -103 = -s*h - 2*j + 7*j, 5*h = 4*j + 215. What are the prime factors of h?
3, 13
Let u be ((-142)/6)/((-2)/6). Suppose 39 = 5*z - u. Let o = -12 + z. What are the prime factors of o?
2, 5
Let h(b) = b**2 - 5*b - 10. Let y be h(8). Suppose 0 = -2*o - 4*k + y, -2*k = -o - k + 22. List the prime factors of o.
17
Suppose 5*y + 0*y - 10 = 0. Suppose -2*i = y*i - 8. What are the prime factors of i?
2
Suppose 6*y - 3*y = -21. Let o(k) = k + 10. List the prime factors of o(y).
3
Suppose -25 - 2 = 3*p. List the prime factors of (2 + p/(-2))*2.
13
Suppose 0*n + 2*n = 6. Suppose -n*z = -2*z + 5*j - 22, -5*z + 200 = -5*j. List the prime factors of z.
37
Suppose 4*o + 3*k = 31, o = 3*k + 2 + 2. Let t = 4 + o. What are the prime factors of t?
11
Suppose 4*g + 3 = 5*g. Suppose 4*c = 4*s - 16, -4*s - g*c = -6*s + 8. Let m = -1 + s. List the prime factors of m.
3
Let p(a) = -a**3 - 5*a**2 - a + 7. Let o be p(-5). Let i = o + -3. What are the prime factors of i?
3
Suppose 4*c + 0*c - 8 = 0. List the prime factors of c.
2
Let m = -8 - -6. Let y be 4*((-6 - m) + 2). Let l = y + 10. What are the prime factors of l?
2
Let r(d) be the third derivative of -d**5/60 - 7*d**4/24 - 7*d**3/6 + 2*d**2. Suppose -2*x + 3 - 13 = 0. List the prime factors of r(x).
3
Let p(x) be the first derivative of -x**3 - 1/2*x**4 - 3 - x - 3/2*x**2. List the prime factors of p(-2).
3
Let x(d) = d**3 - 5*d**2 - 8*d - 7. What are the prime factors of x(7)?
5, 7
Let d be 18/3*1/3. Suppose -d*o = -0*o. Suppose o = 3*a - 24. List the prime factors of a.
2
Suppose -m + 4*l = -58, 77 + 32 = 2*m - l. List the prime factors of m*2*(-1)/(-4).
3
Suppose 2*p = -k + 433, 3*p - 4*k = -p + 836. What are the prime factors of p?
2, 107
Let w(s) = -4*s - 3 - 6*s - 1. What are the prime factors of w(-3)?
2, 13
Let r = 22 - 22. Suppose -4*g + 36 = -3*l, -3*l + 9 = g - r*g. What are the prime factors of g?
3
Let p(m) = -m**3 - 2*m**2 + 5*m + 4. Let y be p(-4). Suppose -q - y = -2*q. List the prime factors of q.
2
Let c be 11/4 + (-2)/(-8). Suppose 0 = 4*j - 4*o - 40, -5*j + c*o + 42 = 6*o. What are the prime factors of j?
3
Let h = 16 + -11. Suppose -3 = -4*i - h*u + 5, 3*i - 4*u - 37 = 0. List the prime factors of i.
7
Suppose c - 2 = 3*v + 38, 2*c - 2*v - 84 = 0. What are the prime factors of c?
43
List the prime factors of 113 - (-6 - (-2 + 0)).
3, 13
Suppose -3*o - 2*x + 127 = -7*x, -2*o + 53 = 3*x. What are the prime factors of o?
2, 17
Suppose 15 = -0*l - l. What are the prime factors of ((-3)/(-2))/(l/(-190))?
19
What are the prime factors of (4 - 8) + (-1 - -173)*2?
2, 5, 17
Let d(r) = 5*r - 4. Suppose 6*f - 15 = f. What are the prime factors of d(f)?
11
Let y = 101 - 25. What are the prime factors of y?
2, 19
Let k(m) = 2*m**2. Let q be k(-1). Let l(g) = -g**3 - 8*g**2 - g + 7. Let s be l(-8). Suppose -x + s = q*x. What are the prime factors of x?
5
Let w be (4/20)/((-2)/(-10)). List the prime factors of w + 6/(-4)*-4.
7
Suppose -2*p + b + 45 = 0, -2*p + 5 + 34 = b. What are the prime factors of p?
3, 7
Let r be -8 - 0*3/(-6). Let w = 15 + r. What are the prime factors of w?
7
Suppose 2*h - 15 = -3*h. Suppose 36 = h*m + 2*y, -m + 15 = y + 4. What are the prime factors of m?
2, 7
List the prime factors of 910/13 - (-4)/(-2).
2, 17
Let j = -16 - 3. Let x = 33 + j. What are the prime factors of x?
2, 7
Let a = -114 + 230. What are the prime factors of a?
2, 29
Let j be 36/10*(-3 + 8). Suppose j = 2*z - 0. What are the prime factors of z?
3
Let c(h) = 13*h**2 - 1. Let k be (-1)/3 + (-5)/3. List the prime factors of c(k).
3, 17
Suppose 8 = 2*t + 4. What are the prime factors of ((-645)/6)/(-5)*t?
43
Let n = -4 + 7. Let t = n + 2. Suppose t*h = -5*i + 30, h = -0*i + i. What are the prime factors of h?
3
Suppose 3*y + 40 = 7*c - 2*c, 3*y + 5 = -2*c. List the prime factors of (-2)/(-5) - 118/y.
2, 3
Suppose -5*q + 45 = 5*y - 240, 3*y = 4*q + 192. List the prime factors of y.
2, 3, 5
Let f = 29 - 25. Suppose 4*j - 172 = -f*g, -3*j + 2*g + 86 = -j. List the prime factors of j.
43
List the prime factors of (-351)/36*(0 - 12*2).
2, 3, 13
Let h(i) = i**2 + 7*i + 1. Let t be h(-3). Let x = t - -20. List the prime factors of x.
3
Let p(s) be the third derivative of -1/8*s**4 + 0 - s*